est common factor of 247 and 91.
13
What is the greatest common factor of 9800 and 2600?
200
Calculate the greatest common divisor of 42 and 224.
14
Calculate the greatest common factor of 38 and 76.
38
What is the highest common divisor of 244 and 8?
4
What is the greatest common factor of 1344 and 63?
21
What is the greatest common divisor of 21 and 15?
3
What is the highest common factor of 7 and 889?
7
Calculate the highest common factor of 3589 and 1843.
97
Calculate the greatest common divisor of 5439 and 147.
147
Calculate the highest common factor of 15 and 7515.
15
What is the greatest common divisor of 912 and 96?
48
Calculate the greatest common factor of 92 and 8.
4
What is the greatest common divisor of 6 and 1046?
2
What is the highest common factor of 15539 and 82?
41
Calculate the greatest common divisor of 49 and 1.
1
Calculate the greatest common divisor of 1 and 197.
1
What is the highest common factor of 108 and 5052?
12
What is the greatest common divisor of 363 and 3?
3
Calculate the greatest common factor of 178 and 445.
89
What is the highest common factor of 171 and 531?
9
What is the highest common factor of 117 and 6?
3
Calculate the highest common factor of 45 and 63.
9
Calculate the greatest common divisor of 1261 and 52.
13
Calculate the greatest common factor of 24 and 186.
6
What is the greatest common factor of 5 and 24?
1
What is the greatest common divisor of 124 and 4?
4
Calculate the greatest common factor of 89 and 1.
1
What is the highest common factor of 20 and 3980?
20
What is the highest common divisor of 60 and 204?
12
What is the highest common divisor of 276 and 621?
69
What is the greatest common divisor of 75 and 20?
5
What is the greatest common factor of 360 and 1098?
18
Calculate the highest common divisor of 1827 and 315.
63
Calculate the greatest common factor of 54390 and 21.
21
What is the greatest common divisor of 1872 and 52?
52
What is the greatest common divisor of 27 and 621?
27
Calculate the highest common divisor of 658 and 70.
14
What is the greatest common divisor of 35 and 623?
7
Calculate the highest common divisor of 374 and 88.
22
Calculate the greatest common divisor of 100 and 340.
20
Calculate the highest common divisor of 26 and 10.
2
Calculate the greatest common divisor of 640 and 2840.
40
What is the highest common divisor of 11160 and 80?
40
Calculate the highest common divisor of 8 and 32.
8
What is the greatest common factor of 789 and 6?
3
Calculate the highest common factor of 391 and 92.
23
Calculate the highest common divisor of 430 and 301.
43
Calculate the greatest common divisor of 16 and 400.
16
Calculate the greatest common divisor of 896 and 304.
16
Calculate the highest common divisor of 18 and 81.
9
Calculate the greatest common divisor of 15 and 10245.
15
What is the greatest common divisor of 7117 and 22?
11
What is the greatest common factor of 80 and 64?
16
Calculate the highest common divisor of 9 and 5931.
9
What is the greatest common divisor of 299 and 138?
23
What is the greatest common divisor of 429 and 396?
33
Calculate the highest common divisor of 19 and 4693.
19
What is the greatest common factor of 279 and 93?
93
Calculate the greatest common factor of 1679 and 23.
23
Calculate the highest common factor of 9685 and 65.
65
What is the greatest common factor of 18 and 42?
6
What is the greatest common divisor of 567 and 21?
21
What is the highest common factor of 4070 and 330?
110
What is the highest common factor of 308 and 44?
44
Calculate the greatest common factor of 63522 and 18.
18
Calculate the highest common divisor of 60 and 5780.
20
What is the highest common divisor of 32 and 512?
32
Calculate the highest common factor of 6 and 2728.
2
Calculate the greatest common factor of 16 and 208.
16
Calculate the greatest common divisor of 232 and 5162.
58
Calculate the highest common divisor of 10908 and 108.
108
What is the greatest common divisor of 494 and 2489?
19
Calculate the highest common divisor of 2747 and 67.
67
Calculate the highest common divisor of 713 and 31.
31
What is the greatest common factor of 546 and 1764?
42
Calculate the highest common factor of 700 and 600.
100
What is the highest common divisor of 104 and 88?
8
Calculate the highest common factor of 578 and 29767.
289
Calculate the highest common factor of 874 and 414.
46
What is the highest common divisor of 644 and 364?
28
Calculate the greatest common divisor of 160 and 1312.
32
What is the greatest common divisor of 110 and 90?
10
Calculate the highest common divisor of 10 and 2400.
10
What is the highest common divisor of 14728 and 112?
56
Calculate the greatest common factor of 912 and 352.
16
What is the highest common divisor of 748 and 176?
44
Calculate the highest common divisor of 7092 and 108.
36
What is the highest common divisor of 41 and 17548?
41
Calculate the greatest common divisor of 13 and 26.
13
Calculate the greatest common factor of 220 and 484.
44
Calculate the highest common factor of 2 and 26.
2
Calculate the greatest common factor of 31 and 2108.
31
Calculate the greatest common factor of 6 and 22.
2
Calculate the greatest common divisor of 176 and 792.
88
Calculate the greatest common divisor of 84 and 3.
3
Calculate the greatest common factor of 24 and 8.
8
What is the highest common factor of 5688 and 553?
79
Calculate the greatest common divisor of 152 and 28.
4
Calculate the highest common divisor of 169325 and 325.
325
What is the highest common divisor of 166 and 21746?
166
What is the highest common divisor of 94 and 846?
94
Calculate the greatest common divisor of 728 and 56.
56
What is the highest common factor of 4 and 16?
4
What is the greatest common divisor of 153 and 34?
17
Calculate the highest common factor of 120 and 2040.
120
What is the highest common divisor of 2 and 352?
2
Calculate the greatest common factor of 2406 and 9223.
401
Calculate the greatest common divisor of 16 and 152.
8
What is the greatest common divisor of 45 and 65?
5
Calculate the highest common factor of 3039 and 3.
3
Calculate the highest common factor of 8 and 296.
8
Calculate the greatest common divisor of 36 and 6462.
18
Calculate the greatest common factor of 2187 and 1701.
243
What is the greatest common factor of 102 and 48?
6
Calculate the highest common divisor of 13314 and 84.
42
What is the highest common factor of 28797 and 87?
87
What is the greatest common factor of 22997 and 39?
13
Calculate the greatest common factor of 1 and 921.
1
What is the greatest common divisor of 4849 and 13?
13
What is the greatest common factor of 32 and 568?
8
What is the greatest common divisor of 19043 and 685?
137
What is the greatest common factor of 1530 and 180?
90
Calculate the highest common divisor of 500 and 12.
4
What is the greatest common factor of 168 and 2?
2
What is the highest common factor of 2485 and 639?
71
Calculate the greatest common divisor of 500 and 320.
20
What is the highest common factor of 13667 and 173?
173
Calculate the highest common factor of 165 and 55.
55
Calculate the greatest common divisor of 747 and 581.
83
What is the greatest common divisor of 1764 and 90?
18
Calculate the greatest common divisor of 97 and 291.
97
Calculate the greatest common divisor of 185 and 40.
5
Calculate the greatest common factor of 177 and 3.
3
What is the greatest common divisor of 161 and 506?
23
What is the greatest common divisor of 74 and 76?
2
What is the highest common divisor of 1111 and 1010?
101
Calculate the highest common factor of 44 and 20.
4
Calculate the highest common factor of 21 and 1757.
7
Calculate the highest common factor of 3075 and 825.
75
What is the highest common divisor of 12 and 7704?
12
What is the highest common divisor of 2542 and 41?
41
What is the greatest common factor of 32 and 2488?
8
What is the highest common factor of 120 and 24?
24
Calculate the greatest common factor of 71 and 1.
1
Calculate the highest common divisor of 1491 and 14.
7
Calculate the greatest common divisor of 99 and 22.
11
What is the greatest common factor of 5 and 635?
5
What is the highest common divisor of 1653 and 87?
87
Calculate the greatest common divisor of 3321 and 27.
27
Calculate the highest common divisor of 8